{"id":697,"date":"2024-07-17T12:09:36","date_gmt":"2024-07-17T10:09:36","guid":{"rendered":"http:\/\/etalohm.com\/?page_id=697"},"modified":"2025-12-07T11:35:44","modified_gmt":"2025-12-07T10:35:44","slug":"quest-ce-que-la-metrologie","status":"publish","type":"page","link":"https:\/\/etalohm.com\/index.php\/quest-ce-que-la-metrologie\/","title":{"rendered":"Qu&rsquo;est-ce que la m\u00e9trologie ?"},"content":{"rendered":"\t\t<div data-elementor-type=\"wp-page\" data-elementor-id=\"697\" class=\"elementor elementor-697\" data-elementor-post-type=\"page\">\n\t\t\t\t<div class=\"elementor-element elementor-element-4ff9f18 e-flex e-con-boxed e-con e-parent\" data-id=\"4ff9f18\" data-element_type=\"container\" data-e-type=\"container\">\n\t\t\t\t\t<div class=\"e-con-inner\">\n\t\t\t\t<div class=\"elementor-element elementor-element-0f6dc23 elementor-widget-divider--view-line elementor-widget elementor-widget-divider\" data-id=\"0f6dc23\" data-element_type=\"widget\" data-e-type=\"widget\" data-widget_type=\"divider.default\">\n\t\t\t\t<div class=\"elementor-widget-container\">\n\t\t\t\t\t\t\t<div class=\"elementor-divider\">\n\t\t\t<span class=\"elementor-divider-separator\">\n\t\t\t\t\t\t<\/span>\n\t\t<\/div>\n\t\t\t\t\t\t<\/div>\n\t\t\t\t<\/div>\n\t\t\t\t<div class=\"elementor-element elementor-element-bc7957d elementor-widget elementor-widget-heading\" data-id=\"bc7957d\" data-element_type=\"widget\" data-e-type=\"widget\" data-widget_type=\"heading.default\">\n\t\t\t\t<div class=\"elementor-widget-container\">\n\t\t\t\t\t<h2 class=\"elementor-heading-title elementor-size-default\">Qu'est-ce que la m\u00e9trologie ?<\/h2>\t\t\t\t<\/div>\n\t\t\t\t<\/div>\n\t\t\t\t\t<\/div>\n\t\t\t\t<\/div>\n\t\t<div class=\"elementor-element elementor-element-df13e24 e-flex e-con-boxed e-con e-parent\" data-id=\"df13e24\" data-element_type=\"container\" data-e-type=\"container\">\n\t\t\t\t\t<div class=\"e-con-inner\">\n\t\t<div class=\"elementor-element elementor-element-8193c97 e-con-full e-flex e-con e-child\" data-id=\"8193c97\" data-element_type=\"container\" data-e-type=\"container\">\n\t\t\t\t<div class=\"elementor-element elementor-element-9b34859 elementor-widget elementor-widget-image\" data-id=\"9b34859\" data-element_type=\"widget\" data-e-type=\"widget\" data-widget_type=\"image.default\">\n\t\t\t\t<div class=\"elementor-widget-container\">\n\t\t\t\t\t\t\t\t\t\t\t\t\t\t\t<img fetchpriority=\"high\" decoding=\"async\" width=\"676\" height=\"621\" src=\"https:\/\/etalohm.com\/wp-content\/uploads\/2025\/11\/Pyramide.png\" class=\"attachment-full size-full wp-image-2408\" alt=\"\" srcset=\"https:\/\/etalohm.com\/wp-content\/uploads\/2025\/11\/Pyramide.png 676w, https:\/\/etalohm.com\/wp-content\/uploads\/2025\/11\/Pyramide-300x276.png 300w\" sizes=\"(max-width: 676px) 100vw, 676px\" \/>\t\t\t\t\t\t\t\t\t\t\t\t\t\t\t<\/div>\n\t\t\t\t<\/div>\n\t\t\t\t<\/div>\n\t\t<div class=\"elementor-element elementor-element-81a926c e-con-full e-flex e-con e-child\" data-id=\"81a926c\" data-element_type=\"container\" data-e-type=\"container\">\n\t\t\t\t<div class=\"elementor-element elementor-element-e04c729 elementor-widget elementor-widget-text-editor\" data-id=\"e04c729\" data-element_type=\"widget\" data-e-type=\"widget\" data-widget_type=\"text-editor.default\">\n\t\t\t\t<div class=\"elementor-widget-container\">\n\t\t\t\t\t\t\t\t\t<p>La m\u00e9trologie regroupe l\u2019ensemble des techniques permettant d\u2019effectuer des mesures, de les interpr\u00e9ter et de garantir leur exactitude.<\/p><p>Ainsi, l\u2019instrument de mesure doit pr\u00e9senter certaines qualit\u00e9s\u00a0: sensibilit\u00e9, fid\u00e9lit\u00e9 (r\u00e9p\u00e9tabilit\u00e9 des r\u00e9sulats), exactitude (associ\u00e9e \u00e0 la notion d\u2019incertitude des mesures).<\/p><p>L\u2019exactitude est d\u00e9termin\u00e9e par la comparaison \u00e0 un \u00e9talon de r\u00e9f\u00e9rence, lui-m\u00eame compar\u00e9 \u00e0 un \u00e9talon de rang hi\u00e9rarchique sup\u00e9rieur, et ainsi de suite, jusqu\u2019\u00e0 l\u2019\u00e9talon de d\u00e9part, repr\u00e9sentatif de l\u2019unit\u00e9 (l\u2019\u00e9talon national, par exemple).<\/p>\t\t\t\t\t\t\t\t<\/div>\n\t\t\t\t<\/div>\n\t\t\t\t<\/div>\n\t\t\t\t\t<\/div>\n\t\t\t\t<\/div>\n\t\t<div class=\"elementor-element elementor-element-59c8ff3 e-flex e-con-boxed e-con e-parent\" data-id=\"59c8ff3\" data-element_type=\"container\" data-e-type=\"container\">\n\t\t\t\t\t<div class=\"e-con-inner\">\n\t\t\t\t<div class=\"elementor-element elementor-element-cee1ab8 elementor-widget elementor-widget-text-editor\" data-id=\"cee1ab8\" data-element_type=\"widget\" data-e-type=\"widget\" data-widget_type=\"text-editor.default\">\n\t\t\t\t<div class=\"elementor-widget-container\">\n\t\t\t\t\t\t\t\t\t<p>Est ainsi constitu\u00e9e une cha\u00eene d\u2019\u00e9talonnage, le long de laquelle les incertitudes se cumulent et au bout de laquelle une incertitude r\u00e9sultante doit \u00eatre d\u00e9termin\u00e9e. On doit donc \u00eatre capable de r\u00e9capituler chaque maillon de la cha\u00eene ayant contribu\u00e9 \u00e0 l\u2019incertitude globale\u00a0: c\u2019est ce que l\u2019on appelle le <u>raccordement<\/u> ou la tra\u00e7abilit\u00e9 aux \u00e9talons, indiqu\u00e9e dans tout constat de v\u00e9rification ou certificat d\u2019\u00e9talonnage.<\/p>\t\t\t\t\t\t\t\t<\/div>\n\t\t\t\t<\/div>\n\t\t\t\t<div class=\"elementor-element elementor-element-96a229f elementor-widget elementor-widget-heading\" data-id=\"96a229f\" data-element_type=\"widget\" data-e-type=\"widget\" data-widget_type=\"heading.default\">\n\t\t\t\t<div class=\"elementor-widget-container\">\n\t\t\t\t\t<h2 class=\"elementor-heading-title elementor-size-default\">Pour m\u00e9moire :<\/h2>\t\t\t\t<\/div>\n\t\t\t\t<\/div>\n\t\t\t\t<div class=\"elementor-element elementor-element-d70b8f0 elementor-widget__width-inherit elementor-icon-list--layout-traditional elementor-list-item-link-full_width elementor-widget elementor-widget-icon-list\" data-id=\"d70b8f0\" data-element_type=\"widget\" data-e-type=\"widget\" data-widget_type=\"icon-list.default\">\n\t\t\t\t<div class=\"elementor-widget-container\">\n\t\t\t\t\t\t\t<ul class=\"elementor-icon-list-items\">\n\t\t\t\t\t\t\t<li class=\"elementor-icon-list-item\">\n\t\t\t\t\t\t\t\t\t\t\t<span class=\"elementor-icon-list-icon\">\n\t\t\t\t\t\t\t<svg aria-hidden=\"true\" class=\"e-font-icon-svg e-fas-check\" viewBox=\"0 0 512 512\" xmlns=\"http:\/\/www.w3.org\/2000\/svg\"><path d=\"M173.898 439.404l-166.4-166.4c-9.997-9.997-9.997-26.206 0-36.204l36.203-36.204c9.997-9.998 26.207-9.998 36.204 0L192 312.69 432.095 72.596c9.997-9.997 26.207-9.997 36.204 0l36.203 36.204c9.997 9.997 9.997 26.206 0 36.204l-294.4 294.401c-9.998 9.997-26.207 9.997-36.204-.001z\"><\/path><\/svg>\t\t\t\t\t\t<\/span>\n\t\t\t\t\t\t\t\t\t\t<span class=\"elementor-icon-list-text\">Un \u00e9talonnage est une intervention qui \u00e9tablit, dans des conditions sp\u00e9cifi\u00e9es, les valeurs des \u00e9carts d\u2019indication d\u2019un appareil de mesure par rapport \u00e0 une r\u00e9f\u00e9rence. La connaissance de ces \u00e9carts peut ainsi permettre d\u2019effectuer des corrections, d\u2019obtenir un niveau d\u2019exactitude sup\u00e9rieur aux sp\u00e9cifications constructeur, ou de palier \u00e0 un rapport de confiance insuffisant.<\/span>\n\t\t\t\t\t\t\t\t\t<\/li>\n\t\t\t\t\t\t\t\t<li class=\"elementor-icon-list-item\">\n\t\t\t\t\t\t\t\t\t\t\t<span class=\"elementor-icon-list-icon\">\n\t\t\t\t\t\t\t<svg aria-hidden=\"true\" class=\"e-font-icon-svg e-fas-check\" viewBox=\"0 0 512 512\" xmlns=\"http:\/\/www.w3.org\/2000\/svg\"><path d=\"M173.898 439.404l-166.4-166.4c-9.997-9.997-9.997-26.206 0-36.204l36.203-36.204c9.997-9.998 26.207-9.998 36.204 0L192 312.69 432.095 72.596c9.997-9.997 26.207-9.997 36.204 0l36.203 36.204c9.997 9.997 9.997 26.206 0 36.204l-294.4 294.401c-9.998 9.997-26.207 9.997-36.204-.001z\"><\/path><\/svg>\t\t\t\t\t\t<\/span>\n\t\t\t\t\t\t\t\t\t\t<span class=\"elementor-icon-list-text\">Comme pour un \u00e9talonnage, la v\u00e9rification \u00e9tablit les valeurs des \u00e9carts d\u2019indication d\u2019un appareil de mesure par rapport \u00e0 une r\u00e9f\u00e9rence, mais elle permet en plus de confirmer que l\u2019instrument de mesure se trouve \u00e0 l\u2019int\u00e9rieur de limites sp\u00e9cifi\u00e9es par le constructeur, la norme, la classe, l\u2019utilisateur (les \u00ab tol\u00e9rances \u00bb) gr\u00e2ce \u00e0 l\u2019apport d\u2019un jugement de conformit\u00e9. \u2003<\/span>\n\t\t\t\t\t\t\t\t\t<\/li>\n\t\t\t\t\t\t<\/ul>\n\t\t\t\t\t\t<\/div>\n\t\t\t\t<\/div>\n\t\t\t\t\t<\/div>\n\t\t\t\t<\/div>\n\t\t<div class=\"elementor-element elementor-element-1a6fc7a e-flex e-con-boxed e-con e-parent\" data-id=\"1a6fc7a\" data-element_type=\"container\" data-e-type=\"container\">\n\t\t\t\t\t<div class=\"e-con-inner\">\n\t\t<div class=\"elementor-element elementor-element-3359c76 e-con-full e-flex e-con e-child\" data-id=\"3359c76\" data-element_type=\"container\" data-e-type=\"container\" data-settings=\"{&quot;background_background&quot;:&quot;classic&quot;}\">\n\t\t<div class=\"elementor-element elementor-element-2005372 e-con-full e-flex e-con e-child\" data-id=\"2005372\" data-element_type=\"container\" data-e-type=\"container\" data-settings=\"{&quot;background_background&quot;:&quot;classic&quot;}\">\n\t\t\t\t<div class=\"elementor-element elementor-element-01cef65 elementor-widget elementor-widget-heading\" data-id=\"01cef65\" data-element_type=\"widget\" data-e-type=\"widget\" data-widget_type=\"heading.default\">\n\t\t\t\t<div class=\"elementor-widget-container\">\n\t\t\t\t\t<h3 class=\"elementor-heading-title elementor-size-default\">La m\u00e9trologie fondamentale ou scientifique<\/h3>\t\t\t\t<\/div>\n\t\t\t\t<\/div>\n\t\t\t\t<div class=\"elementor-element elementor-element-0166250 elementor-widget elementor-widget-text-editor\" data-id=\"0166250\" data-element_type=\"widget\" data-e-type=\"widget\" data-widget_type=\"text-editor.default\">\n\t\t\t\t<div class=\"elementor-widget-container\">\n\t\t\t\t\t\t\t\t\t<p>La m\u00e9trologie scientifique est charg\u00e9e de d\u00e9finir les unit\u00e9s de mesure, de cr\u00e9er et d\u00e9velopper des \u00e9talons de r\u00e9f\u00e9rence, de les comparer entre pays et de les conserver. C&rsquo;est essentiellement le domaine du Bureau international des poids et mesures (BIPM). Le BIPM et les laboratoires nationaux de m\u00e9trologie associ\u00e9s ont la charge du Syst\u00e8me International d&rsquo;unit\u00e9s (SI), clef de l&rsquo;uniformit\u00e9 mondiale des mesures.<\/p>\t\t\t\t\t\t\t\t<\/div>\n\t\t\t\t<\/div>\n\t\t\t\t<\/div>\n\t\t<div class=\"elementor-element elementor-element-d05f11f e-con-full e-flex e-con e-child\" data-id=\"d05f11f\" data-element_type=\"container\" data-e-type=\"container\" data-settings=\"{&quot;background_background&quot;:&quot;classic&quot;}\">\n\t\t\t\t<div class=\"elementor-element elementor-element-a814bff elementor-widget elementor-widget-heading\" data-id=\"a814bff\" data-element_type=\"widget\" data-e-type=\"widget\" data-widget_type=\"heading.default\">\n\t\t\t\t<div class=\"elementor-widget-container\">\n\t\t\t\t\t<h3 class=\"elementor-heading-title elementor-size-default\">La m\u00e9trologie l\u00e9gale<\/h3>\t\t\t\t<\/div>\n\t\t\t\t<\/div>\n\t\t\t\t<div class=\"elementor-element elementor-element-c3fce11 elementor-widget elementor-widget-text-editor\" data-id=\"c3fce11\" data-element_type=\"widget\" data-e-type=\"widget\" data-widget_type=\"text-editor.default\">\n\t\t\t\t<div class=\"elementor-widget-container\">\n\t\t\t\t\t\t\t\t\t<p>\u00a0<\/p><p>La m\u00e9trologie l\u00e9gale recouvre l\u2019ensemble des exigences r\u00e9glementaires de mesurages effectu\u00e9s par exemple dans le cadre de transactions commerciales (afin de prot\u00e9ger les acheteurs), dans le domaine de la sant\u00e9, de la s\u00e9curit\u00e9 ou de la protection de l\u2019environnement.<\/p><p>\u00a0<\/p><p>Sur le plan international, la m\u00e9trologie l\u00e9gale s\u2019organise autour de l\u2019OIML (Organisation Internationale de M\u00e9trologie L\u00e9gale), travaillant en liaison avec d\u2019autres organisations comme le BIPM (Bureau International des Poids et Mesures), l\u2019ISO (Organisation Internationale de Normalisation), la CEI (Commission Electrotechnique Internationale)\u2026<\/p><p>\u00a0<\/p><p>En France, la m\u00e9trologie l\u00e9gale est pilot\u00e9e par le LNE (Laboratoire National de M\u00e9trologie et d\u2019Essai), qui travaille en lien avec 3 autres Laboratoires Nationaux de M\u00e9trologie (LNM) et 6 Laboratoires Associ\u00e9s (LA), dont les comp\u00e9tences sont compl\u00e9mentaires.<\/p>\t\t\t\t\t\t\t\t<\/div>\n\t\t\t\t<\/div>\n\t\t\t\t<\/div>\n\t\t<div class=\"elementor-element elementor-element-15ba27b e-con-full e-flex e-con e-child\" data-id=\"15ba27b\" data-element_type=\"container\" data-e-type=\"container\" data-settings=\"{&quot;background_background&quot;:&quot;classic&quot;}\">\n\t\t\t\t<div class=\"elementor-element elementor-element-a4acd04 elementor-widget elementor-widget-heading\" data-id=\"a4acd04\" data-element_type=\"widget\" data-e-type=\"widget\" data-widget_type=\"heading.default\">\n\t\t\t\t<div class=\"elementor-widget-container\">\n\t\t\t\t\t<h3 class=\"elementor-heading-title elementor-size-default\">La m\u00e9trologie industrielle<\/h3>\t\t\t\t<\/div>\n\t\t\t\t<\/div>\n\t\t\t\t<div class=\"elementor-element elementor-element-29ae39a elementor-widget elementor-widget-text-editor\" data-id=\"29ae39a\" data-element_type=\"widget\" data-e-type=\"widget\" data-widget_type=\"text-editor.default\">\n\t\t\t\t<div class=\"elementor-widget-container\">\n\t\t\t\t\t\t\t\t\t<p>\u00a0<\/p><p>La m\u00e9trologie industrielle permet d\u2019assurer la tra\u00e7abilit\u00e9 et la fiabilit\u00e9 des mesures afin de ma\u00eetriser les proc\u00e9d\u00e9s de fabrication et de veiller \u00e0 la qualit\u00e9 et \u00e0 l\u2019am\u00e9lioration des produits. C\u2019est une <u>d\u00e9marche volontaire<\/u>, pour r\u00e9pondre aux exigences d\u2019un syst\u00e8me de management de la qualit\u00e9, \u00e0 des normes ou \u00e0 des r\u00e9f\u00e9rentiels m\u00e9tiers particuliers.<\/p><p>\u00a0<\/p><p>M\u00e9trologie l\u00e9gale et m\u00e9trologie industrielle ont les m\u00eames exigences de tra\u00e7abilit\u00e9 m\u00e9trologique. C&rsquo;est-\u00e0-dire que le processus de mesure doit \u00eatre d\u00e9fini, ma\u00eetris\u00e9 et compatible avec le besoin\u00a0: d\u00e9finition du mesurande, choix de la m\u00e9thode de mesure adapt\u00e9e, d\u00e9termination des param\u00e8tres d&rsquo;influences, calcul d\u2019une incertitude associ\u00e9e.<\/p><p>\u00a0<\/p><p>D\u00e8s lors, le choix appartient \u00e0 l\u2019industriel de mener lui-m\u00eame ses propres \u00e9talonnages en interne, ou de faire appel \u00e0 un laboratoire d\u2019\u00e9talonnage ext\u00e9rieur.<\/p><div>\u00a0<\/div><div>\u00a0<\/div>\t\t\t\t\t\t\t\t<\/div>\n\t\t\t\t<\/div>\n\t\t\t\t<\/div>\n\t\t\t\t<\/div>\n\t\t\t\t\t<\/div>\n\t\t\t\t<\/div>\n\t\t\t\t<\/div>\n\t\t","protected":false},"excerpt":{"rendered":"<p>Qu&rsquo;est-ce que la m\u00e9trologie ? La m\u00e9trologie regroupe l\u2019ensemble des techniques permettant d\u2019effectuer des mesures, de les interpr\u00e9ter et de garantir leur exactitude. Ainsi, l\u2019instrument de mesure doit pr\u00e9senter certaines qualit\u00e9s\u00a0: sensibilit\u00e9, fid\u00e9lit\u00e9 (r\u00e9p\u00e9tabilit\u00e9 des r\u00e9sulats), exactitude (associ\u00e9e \u00e0 la notion d\u2019incertitude des mesures). L\u2019exactitude est d\u00e9termin\u00e9e par la comparaison \u00e0 un \u00e9talon de r\u00e9f\u00e9rence,&hellip; <br \/> <a class=\"button small blue\" href=\"https:\/\/etalohm.com\/index.php\/quest-ce-que-la-metrologie\/\">Lire la suite<\/a><\/p>\n","protected":false},"author":1,"featured_media":0,"parent":0,"menu_order":0,"comment_status":"closed","ping_status":"closed","template":"","meta":{"footnotes":""},"class_list":["post-697","page","type-page","status-publish","hentry"],"_links":{"self":[{"href":"https:\/\/etalohm.com\/index.php\/wp-json\/wp\/v2\/pages\/697","targetHints":{"allow":["GET"]}}],"collection":[{"href":"https:\/\/etalohm.com\/index.php\/wp-json\/wp\/v2\/pages"}],"about":[{"href":"https:\/\/etalohm.com\/index.php\/wp-json\/wp\/v2\/types\/page"}],"author":[{"embeddable":true,"href":"https:\/\/etalohm.com\/index.php\/wp-json\/wp\/v2\/users\/1"}],"replies":[{"embeddable":true,"href":"https:\/\/etalohm.com\/index.php\/wp-json\/wp\/v2\/comments?post=697"}],"version-history":[{"count":76,"href":"https:\/\/etalohm.com\/index.php\/wp-json\/wp\/v2\/pages\/697\/revisions"}],"predecessor-version":[{"id":2505,"href":"https:\/\/etalohm.com\/index.php\/wp-json\/wp\/v2\/pages\/697\/revisions\/2505"}],"wp:attachment":[{"href":"https:\/\/etalohm.com\/index.php\/wp-json\/wp\/v2\/media?parent=697"}],"curies":[{"name":"wp","href":"https:\/\/api.w.org\/{rel}","templated":true}]}}