{"id":702,"date":"2024-07-17T12:10:58","date_gmt":"2024-07-17T10:10:58","guid":{"rendered":"http:\/\/etalohm.com\/?page_id=702"},"modified":"2025-11-30T17:48:05","modified_gmt":"2025-11-30T16:48:05","slug":"la-metrologie-un-facteur-cle-de-succes","status":"publish","type":"page","link":"https:\/\/etalohm.com\/index.php\/la-metrologie-un-facteur-cle-de-succes\/","title":{"rendered":"La M\u00e9trologie, un facteur cl\u00e9 de succ\u00e8s&#8230;"},"content":{"rendered":"\t\t<div data-elementor-type=\"wp-page\" data-elementor-id=\"702\" class=\"elementor elementor-702\" data-elementor-post-type=\"page\">\n\t\t\t\t<div class=\"elementor-element elementor-element-d6aa9fe e-flex e-con-boxed e-con e-parent\" data-id=\"d6aa9fe\" data-element_type=\"container\" data-e-type=\"container\">\n\t\t\t\t\t<div class=\"e-con-inner\">\n\t\t\t\t<div class=\"elementor-element elementor-element-7a40837 elementor-widget-divider--view-line elementor-widget elementor-widget-divider\" data-id=\"7a40837\" data-element_type=\"widget\" data-e-type=\"widget\" data-widget_type=\"divider.default\">\n\t\t\t\t<div class=\"elementor-widget-container\">\n\t\t\t\t\t\t\t<div class=\"elementor-divider\">\n\t\t\t<span class=\"elementor-divider-separator\">\n\t\t\t\t\t\t<\/span>\n\t\t<\/div>\n\t\t\t\t\t\t<\/div>\n\t\t\t\t<\/div>\n\t\t\t\t\t<\/div>\n\t\t\t\t<\/div>\n\t\t<div class=\"elementor-element elementor-element-947b4e2 e-flex e-con-boxed e-con e-parent\" data-id=\"947b4e2\" data-element_type=\"container\" data-e-type=\"container\" data-settings=\"{&quot;background_background&quot;:&quot;classic&quot;}\">\n\t\t\t\t\t<div class=\"e-con-inner\">\n\t\t\t\t<div class=\"elementor-element elementor-element-f42f7d4 elementor-widget elementor-widget-heading\" data-id=\"f42f7d4\" data-element_type=\"widget\" data-e-type=\"widget\" data-widget_type=\"heading.default\">\n\t\t\t\t<div class=\"elementor-widget-container\">\n\t\t\t\t\t<h2 class=\"elementor-heading-title elementor-size-default\">La m\u00e9trologie, pilier de la qualit\u00e9<\/h2>\t\t\t\t<\/div>\n\t\t\t\t<\/div>\n\t\t\t\t\t<\/div>\n\t\t\t\t<\/div>\n\t\t<div class=\"elementor-element elementor-element-b20ae52 e-flex e-con-boxed e-con e-parent\" data-id=\"b20ae52\" data-element_type=\"container\" data-e-type=\"container\" data-settings=\"{&quot;background_background&quot;:&quot;classic&quot;}\">\n\t\t\t\t\t<div class=\"e-con-inner\">\n\t\t\t\t<div class=\"elementor-element elementor-element-f4bf17f elementor-widget elementor-widget-text-editor\" data-id=\"f4bf17f\" data-element_type=\"widget\" data-e-type=\"widget\" data-widget_type=\"text-editor.default\">\n\t\t\t\t<div class=\"elementor-widget-container\">\n\t\t\t\t\t\t\t\t\t<p>Afin de rester comp\u00e9titives dans un climat de concurrence accrue, les entreprises se doivent d&rsquo;assurer et d\u2019am\u00e9liorer la qualit\u00e9 de leurs produits et de leurs services. Cela leur impose de ma\u00eetriser leur processus de production, et donc la ma\u00eetrise de nombreux param\u00e8tres physiques comme la temp\u00e9rature, la pression, les dimensions, le poids, etc\u2026<\/p>\t\t\t\t\t\t\t\t<\/div>\n\t\t\t\t<\/div>\n\t\t\t\t<div class=\"elementor-element elementor-element-ae9cb99 elementor-widget elementor-widget-text-editor\" data-id=\"ae9cb99\" data-element_type=\"widget\" data-e-type=\"widget\" data-widget_type=\"text-editor.default\">\n\t\t\t\t<div class=\"elementor-widget-container\">\n\t\t\t\t\t\t\t\t\t<p>En effet, dans tous les secteurs d&rsquo;activit\u00e9s, les mesures sont n\u00e9cessaires pour garantir la conformit\u00e9 des produits ou des services vendus. Les clients n\u2019acceptent que ce qui est conforme \u00e0 leurs cahiers des charges, \u00e0 un r\u00e9f\u00e9rentiel ou \u00e0 des normes.<\/p>\t\t\t\t\t\t\t\t<\/div>\n\t\t\t\t<\/div>\n\t\t\t\t<div class=\"elementor-element elementor-element-89e65ea elementor-widget elementor-widget-text-editor\" data-id=\"89e65ea\" data-element_type=\"widget\" data-e-type=\"widget\" data-widget_type=\"text-editor.default\">\n\t\t\t\t<div class=\"elementor-widget-container\">\n\t\t\t\t\t\t\t\t\t<p>Cependant, ces mesures ne peuvent \u00eatre consid\u00e9r\u00e9es comme significatives et indiscutables, qu&rsquo;\u00e0 condition que les instruments de mesure utilis\u00e9s fassent l&rsquo;objet d&rsquo;une gestion particuli\u00e8re\u00a0: adaptation \u00e0 l\u2019usage, \u00e9talonnage \u00e0 intervalles sp\u00e9cifi\u00e9s, tra\u00e7abilit\u00e9, protection contre les d\u00e9t\u00e9riorations,\u2026 Ainsi, la mise en place d\u2019une fonction m\u00e9trologique performante et <u>en rapport avec les besoins<\/u> est essentielle.<\/p>\t\t\t\t\t\t\t\t<\/div>\n\t\t\t\t<\/div>\n\t\t\t\t\t<\/div>\n\t\t\t\t<\/div>\n\t\t<div class=\"elementor-element elementor-element-7b758e4 e-flex e-con-boxed e-con e-parent\" data-id=\"7b758e4\" data-element_type=\"container\" data-e-type=\"container\" data-settings=\"{&quot;background_background&quot;:&quot;classic&quot;}\">\n\t\t\t\t\t<div class=\"e-con-inner\">\n\t\t\t\t<div class=\"elementor-element elementor-element-e59e146 elementor-widget elementor-widget-heading\" data-id=\"e59e146\" data-element_type=\"widget\" data-e-type=\"widget\" data-widget_type=\"heading.default\">\n\t\t\t\t<div class=\"elementor-widget-container\">\n\t\t\t\t\t<h2 class=\"elementor-heading-title elementor-size-default\">Un enjeu majeur de comp\u00e9titivit\u00e9<\/h2>\t\t\t\t<\/div>\n\t\t\t\t<\/div>\n\t\t\t\t\t<\/div>\n\t\t\t\t<\/div>\n\t\t<div class=\"elementor-element elementor-element-ee7216c e-flex e-con-boxed e-con e-parent\" data-id=\"ee7216c\" data-element_type=\"container\" data-e-type=\"container\" data-settings=\"{&quot;background_background&quot;:&quot;classic&quot;}\">\n\t\t\t\t\t<div class=\"e-con-inner\">\n\t\t\t\t<div class=\"elementor-element elementor-element-56ef045 elementor-widget elementor-widget-text-editor\" data-id=\"56ef045\" data-element_type=\"widget\" data-e-type=\"widget\" data-widget_type=\"text-editor.default\">\n\t\t\t\t<div class=\"elementor-widget-container\">\n\t\t\t\t\t\t\t\t\t<p>Les co\u00fbts de \u00ab\u00a0non-qualit\u00e9\u00a0\u00bb ou de \u00ab\u00a0non-conformit\u00e9\u00a0\u00bb des produits ou services, en partie engendr\u00e9s par un mauvais syst\u00e8me de surveillance tout au long du processus de production, peuvent s\u2019av\u00e9rer tr\u00e8s importants et impacter une part non n\u00e9gligeable du chiffre d\u2019affaires. En voici quelques exemples\u00a0:<\/p>\t\t\t\t\t\t\t\t<\/div>\n\t\t\t\t<\/div>\n\t\t\t\t<div class=\"elementor-element elementor-element-eb25bf6 elementor-icon-list--layout-traditional elementor-list-item-link-full_width elementor-widget elementor-widget-icon-list\" data-id=\"eb25bf6\" data-element_type=\"widget\" data-e-type=\"widget\" data-widget_type=\"icon-list.default\">\n\t\t\t\t<div class=\"elementor-widget-container\">\n\t\t\t\t\t\t\t<ul class=\"elementor-icon-list-items\">\n\t\t\t\t\t\t\t<li class=\"elementor-icon-list-item\">\n\t\t\t\t\t\t\t\t\t\t\t<span class=\"elementor-icon-list-icon\">\n\t\t\t\t\t\t\t<svg aria-hidden=\"true\" class=\"e-font-icon-svg e-fas-chevron-right\" viewBox=\"0 0 320 512\" xmlns=\"http:\/\/www.w3.org\/2000\/svg\"><path d=\"M285.476 272.971L91.132 467.314c-9.373 9.373-24.569 9.373-33.941 0l-22.667-22.667c-9.357-9.357-9.375-24.522-.04-33.901L188.505 256 34.484 101.255c-9.335-9.379-9.317-24.544.04-33.901l22.667-22.667c9.373-9.373 24.569-9.373 33.941 0L285.475 239.03c9.373 9.372 9.373 24.568.001 33.941z\"><\/path><\/svg>\t\t\t\t\t\t<\/span>\n\t\t\t\t\t\t\t\t\t\t<span class=\"elementor-icon-list-text\"><b>Les rebuts,<\/b><\/span>\n\t\t\t\t\t\t\t\t\t<\/li>\n\t\t\t\t\t\t\t\t<li class=\"elementor-icon-list-item\">\n\t\t\t\t\t\t\t\t\t\t\t<span class=\"elementor-icon-list-icon\">\n\t\t\t\t\t\t\t<svg aria-hidden=\"true\" class=\"e-font-icon-svg e-fas-chevron-right\" viewBox=\"0 0 320 512\" xmlns=\"http:\/\/www.w3.org\/2000\/svg\"><path d=\"M285.476 272.971L91.132 467.314c-9.373 9.373-24.569 9.373-33.941 0l-22.667-22.667c-9.357-9.357-9.375-24.522-.04-33.901L188.505 256 34.484 101.255c-9.335-9.379-9.317-24.544.04-33.901l22.667-22.667c9.373-9.373 24.569-9.373 33.941 0L285.475 239.03c9.373 9.372 9.373 24.568.001 33.941z\"><\/path><\/svg>\t\t\t\t\t\t<\/span>\n\t\t\t\t\t\t\t\t\t\t<span class=\"elementor-icon-list-text\"><b>Les r\u00e9parations,<\/b><\/span>\n\t\t\t\t\t\t\t\t\t<\/li>\n\t\t\t\t\t\t\t\t<li class=\"elementor-icon-list-item\">\n\t\t\t\t\t\t\t\t\t\t\t<span class=\"elementor-icon-list-icon\">\n\t\t\t\t\t\t\t<svg aria-hidden=\"true\" class=\"e-font-icon-svg e-fas-chevron-right\" viewBox=\"0 0 320 512\" xmlns=\"http:\/\/www.w3.org\/2000\/svg\"><path d=\"M285.476 272.971L91.132 467.314c-9.373 9.373-24.569 9.373-33.941 0l-22.667-22.667c-9.357-9.357-9.375-24.522-.04-33.901L188.505 256 34.484 101.255c-9.335-9.379-9.317-24.544.04-33.901l22.667-22.667c9.373-9.373 24.569-9.373 33.941 0L285.475 239.03c9.373 9.372 9.373 24.568.001 33.941z\"><\/path><\/svg>\t\t\t\t\t\t<\/span>\n\t\t\t\t\t\t\t\t\t\t<span class=\"elementor-icon-list-text\"><b>Les retours clients :<\/b> traitement des r\u00e9clamations, interventions chez le client, prise sous garantie, etc\u2026<\/span>\n\t\t\t\t\t\t\t\t\t<\/li>\n\t\t\t\t\t\t\t\t<li class=\"elementor-icon-list-item\">\n\t\t\t\t\t\t\t\t\t\t\t<span class=\"elementor-icon-list-icon\">\n\t\t\t\t\t\t\t<svg aria-hidden=\"true\" class=\"e-font-icon-svg e-fas-chevron-right\" viewBox=\"0 0 320 512\" xmlns=\"http:\/\/www.w3.org\/2000\/svg\"><path d=\"M285.476 272.971L91.132 467.314c-9.373 9.373-24.569 9.373-33.941 0l-22.667-22.667c-9.357-9.357-9.375-24.522-.04-33.901L188.505 256 34.484 101.255c-9.335-9.379-9.317-24.544.04-33.901l22.667-22.667c9.373-9.373 24.569-9.373 33.941 0L285.475 239.03c9.373 9.372 9.373 24.568.001 33.941z\"><\/path><\/svg>\t\t\t\t\t\t<\/span>\n\t\t\t\t\t\t\t\t\t\t<span class=\"elementor-icon-list-text\"><b>L\u2019insatisfaction des clients :<\/b> perte d\u2019image et pertes de march\u00e9s,<\/span>\n\t\t\t\t\t\t\t\t\t<\/li>\n\t\t\t\t\t\t\t\t<li class=\"elementor-icon-list-item\">\n\t\t\t\t\t\t\t\t\t\t\t<span class=\"elementor-icon-list-icon\">\n\t\t\t\t\t\t\t<svg aria-hidden=\"true\" class=\"e-font-icon-svg e-fas-chevron-right\" viewBox=\"0 0 320 512\" xmlns=\"http:\/\/www.w3.org\/2000\/svg\"><path d=\"M285.476 272.971L91.132 467.314c-9.373 9.373-24.569 9.373-33.941 0l-22.667-22.667c-9.357-9.357-9.375-24.522-.04-33.901L188.505 256 34.484 101.255c-9.335-9.379-9.317-24.544.04-33.901l22.667-22.667c9.373-9.373 24.569-9.373 33.941 0L285.475 239.03c9.373 9.372 9.373 24.568.001 33.941z\"><\/path><\/svg>\t\t\t\t\t\t<\/span>\n\t\t\t\t\t\t\t\t\t\t<span class=\"elementor-icon-list-text\"><b>La d\u00e9motivation du personnel :<\/b> baisse de confiance en l\u2019organisation, perte de temps et d\u2019\u00e9nergie.<\/span>\n\t\t\t\t\t\t\t\t\t<\/li>\n\t\t\t\t\t\t<\/ul>\n\t\t\t\t\t\t<\/div>\n\t\t\t\t<\/div>\n\t\t\t\t<div class=\"elementor-element elementor-element-ab593ed elementor-widget elementor-widget-text-editor\" data-id=\"ab593ed\" data-element_type=\"widget\" data-e-type=\"widget\" data-widget_type=\"text-editor.default\">\n\t\t\t\t<div class=\"elementor-widget-container\">\n\t\t\t\t\t\t\t\t\t<p>Les co\u00fbts de non-qualit\u00e9 portent directement sur la marge b\u00e9n\u00e9ficiaire de l\u2019entreprise et sont donc implicitement pay\u00e9s par le client (baisse de comp\u00e9titivit\u00e9). Or, il appara\u00eet <strong><u>qu\u2019une r\u00e9duction de l&rsquo;ordre de 50 % de ces co\u00fbts aurait pour effet imm\u00e9diat de multiplier la marge par 2<\/u><\/strong>\u00a0!!!<\/p>\t\t\t\t\t\t\t\t<\/div>\n\t\t\t\t<\/div>\n\t\t\t\t<div class=\"elementor-element elementor-element-cf60bea elementor-widget elementor-widget-text-editor\" data-id=\"cf60bea\" data-element_type=\"widget\" data-e-type=\"widget\" data-widget_type=\"text-editor.default\">\n\t\t\t\t<div class=\"elementor-widget-container\">\n\t\t\t\t\t\t\t\t\t<p>On pourra \u00e9videmment opposer qu\u2019\u00e0 la r\u00e9duction des \u00ab\u00a0co\u00fbts de non qualit\u00e9\u00a0\u00bb, il y a en face un prix \u00e0 payer\u00a0: c\u2019est ce que l\u2019on appelle le \u00ab\u00a0co\u00fbt d\u2019obtention de la qualit\u00e9\u00a0\u00bb, dont fait partie le processus m\u00e9trologique. N\u00e9anmoins, ce co\u00fbt restera bien inf\u00e9rieur aux cons\u00e9quences globales li\u00e9es \u00e0 la non-conformit\u00e9 des produits, puisqu\u2019on estime que la d\u00e9tection des anomalies \u00e0 l\u2019\u00e9tape de la fabrication revient 10 fois moins cher que lorsqu\u2019elles sont d\u00e9cel\u00e9es chez le client.<\/p>\t\t\t\t\t\t\t\t<\/div>\n\t\t\t\t<\/div>\n\t\t\t\t<div class=\"elementor-element elementor-element-df0b07b elementor-widget elementor-widget-text-editor\" data-id=\"df0b07b\" data-element_type=\"widget\" data-e-type=\"widget\" data-widget_type=\"text-editor.default\">\n\t\t\t\t<div class=\"elementor-widget-container\">\n\t\t\t\t\t\t\t\t\t<p>Parce qu\u2019elle est une composante fondamentale de la qualit\u00e9 des produits et des services, la fonction m\u00e9trologique constitue un enjeu de comp\u00e9titivit\u00e9 majeur pour les entreprises. Elle concerne d\u00e9sormais tous les domaines d\u2019activit\u00e9\u00a0: l\u2019alimentation, l\u2019\u00e9nergie, l\u2019environnement, la sant\u00e9, la s\u00e9curit\u00e9, les t\u00e9l\u00e9communications, les transports, les travaux publics\u2026<\/p><p>\u00a0<\/p>\t\t\t\t\t\t\t\t<\/div>\n\t\t\t\t<\/div>\n\t\t\t\t<div class=\"elementor-element elementor-element-a4899ef elementor-widget elementor-widget-text-editor\" data-id=\"a4899ef\" data-element_type=\"widget\" data-e-type=\"widget\" data-widget_type=\"text-editor.default\">\n\t\t\t\t<div class=\"elementor-widget-container\">\n\t\t\t\t\t\t\t\t\t<p><strong>Dans le contexte \u00e9conomique et environnemental actuel,<\/strong><\/p><p><strong>il convient de ne pas produire plus, mais de produire mieux.<\/strong><\/p>\t\t\t\t\t\t\t\t<\/div>\n\t\t\t\t<\/div>\n\t\t\t\t\t<\/div>\n\t\t\t\t<\/div>\n\t\t\t\t<\/div>\n\t\t","protected":false},"excerpt":{"rendered":"<p>La m\u00e9trologie, pilier de la qualit\u00e9 Afin de rester comp\u00e9titives dans un climat de concurrence accrue, les entreprises se doivent d&rsquo;assurer et d\u2019am\u00e9liorer la qualit\u00e9 de leurs produits et de leurs services. Cela leur impose de ma\u00eetriser leur processus de production, et donc la ma\u00eetrise de nombreux param\u00e8tres physiques comme la temp\u00e9rature, la pression, les&hellip; <br \/> <a class=\"button small blue\" href=\"https:\/\/etalohm.com\/index.php\/la-metrologie-un-facteur-cle-de-succes\/\">Lire la suite<\/a><\/p>\n","protected":false},"author":1,"featured_media":0,"parent":0,"menu_order":0,"comment_status":"closed","ping_status":"closed","template":"elementor_header_footer","meta":{"footnotes":""},"class_list":["post-702","page","type-page","status-publish","hentry"],"_links":{"self":[{"href":"https:\/\/etalohm.com\/index.php\/wp-json\/wp\/v2\/pages\/702","targetHints":{"allow":["GET"]}}],"collection":[{"href":"https:\/\/etalohm.com\/index.php\/wp-json\/wp\/v2\/pages"}],"about":[{"href":"https:\/\/etalohm.com\/index.php\/wp-json\/wp\/v2\/types\/page"}],"author":[{"embeddable":true,"href":"https:\/\/etalohm.com\/index.php\/wp-json\/wp\/v2\/users\/1"}],"replies":[{"embeddable":true,"href":"https:\/\/etalohm.com\/index.php\/wp-json\/wp\/v2\/comments?post=702"}],"version-history":[{"count":10,"href":"https:\/\/etalohm.com\/index.php\/wp-json\/wp\/v2\/pages\/702\/revisions"}],"predecessor-version":[{"id":2404,"href":"https:\/\/etalohm.com\/index.php\/wp-json\/wp\/v2\/pages\/702\/revisions\/2404"}],"wp:attachment":[{"href":"https:\/\/etalohm.com\/index.php\/wp-json\/wp\/v2\/media?parent=702"}],"curies":[{"name":"wp","href":"https:\/\/api.w.org\/{rel}","templated":true}]}}